 in base 11?
18412
9450 (base 12) to base 16
3f3c
Convert -35b7 (base 13) to base 5.
-220321
What is 1011022010 (base 3) in base 13?
a503
Convert -553 (base 13) to base 15.
-40d
What is 1614 (base 14) in base 11?
2a60
-31002 (base 4) to base 5
-11314
Convert -10000 (base 5) to base 12.
-441
What is -10460 (base 8) in base 12?
-2668
Convert 16779 (base 10) to base 16.
418b
Convert b8a4 (base 14) to base 4.
13302120
1212 (base 4) to base 2
1100110
100111110111000 (base 2) to base 8
47670
What is -20 (base 10) in base 2?
-10100
Convert -22174 (base 8) to base 5.
-244330
-1599 (base 11) to base 6
-13244
Convert 1212211222 (base 3) to base 16.
90ce
What is 1320 (base 4) in base 10?
120
Convert 4100 (base 6) to base 3.
1020100
What is -1939 (base 16) in base 5?
-201312
What is 372 (base 15) in base 12?
552
Convert -a98 (base 13) to base 16.
-717
26354 (base 7) to base 12
40b2
5703 (base 8) to base 10
3011
What is -1691 (base 13) in base 4?
-310001
What is -10120211 (base 3) in base 13?
-1261
-10110111 (base 2) to base 9
-223
-5612 (base 10) to base 6
-41552
31557 (base 8) to base 16
336f
-780 (base 9) to base 5
-10024
What is -1001100100110 (base 2) in base 7?
-20202
Convert -156 (base 14) to base 15.
-132
-20423 (base 6) to base 2
-101010111111
Convert 82a5 (base 14) to base 13.
a30c
Convert 22b18 (base 12) to base 13.
18245
Convert -32667 (base 9) to base 15.
-665d
Convert 4eb2 (base 16) to base 5.
1121041
16d9 (base 14) to base 13
1b43
Convert -2166 (base 7) to base 9.
-1060
Convert 2b (base 13) to base 2.
100101
What is 8c99 (base 14) in base 7?
131152
What is -42d5 (base 14) in base 16?
-2d23
What is 44eb (base 15) in base 4?
3210131
Convert 44003 (base 5) to base 12.
18a3
3221003 (base 4) to base 8
35103
Convert 10212321 (base 4) to base 13.
878a
Convert -65 (base 16) to base 7.
-203
56141 (base 8) to base 16
5c61
-498 (base 14) to base 10
-918
What is -111011110101110 (base 2) in base 10?
-30638
Convert -5233 (base 10) to base 12.
-3041
What is 94c (base 13) in base 2?
11000110001
187 (base 14) to base 10
315
What is -512c (base 14) in base 5?
-421311
What is 801 (base 11) in base 15?
449
Convert -14435 (base 12) to base 14.
-a42d
What is -202050 (base 6) in base 10?
-16014
What is -220000020 (base 3) in base 13?
-7c74
-132 (base 9) to base 5
-420
Convert 1011111111111 (base 2) to base 9.
8375
Convert -320 (base 11) to base 3.
-112021
What is -613 (base 7) in base 8?
-460
What is -49 (base 12) in base 6?
-133
Convert -950 (base 13) to base 10.
-1586
What is 2440 (base 6) in base 13?
372
Convert 4255 (base 7) to base 4.
113212
Convert -58135 (base 11) to base 14.
-2288c
-163b (base 12) to base 2
-101001001111
278 (base 14) to base 15
233
What is -111100101100110 (base 2) in base 4?
-13211212
Convert -1220 (base 5) to base 16.
-b9
426 (base 8) to base 13
185
What is -44340 (base 5) in base 4?
-300113
What is -c37a (base 13) in base 5?
-1330342
What is -21373 (base 8) in base 13?
-40cb
1337 (base 13) to base 4
222332
What is 7752 (base 8) in base 13?
1b15
Convert 2001 (base 4) to base 11.
108
Convert 815 (base 10) to base 8.
1457
Convert 1020333 (base 4) to base 9.
6360
Convert -79d1 (base 15) to base 10.
-25846
Convert 44251 (base 7) to base 9.
16214
-ba16 (base 13) to base 3
-1022111101
What is -3231321 (base 4) in base 3?
-202212220
What is 144 (base 6) in base 2?
1000000
Convert -2411 (base 6) to base 13.
-35b
What is 51b (base 16) in base 7?
3545
What is 1214 (base 7) in base 6?
2032
What is -1b00 (base 12) in base 16?
-cf0
Convert a892 (base 15) to base 3.
1210221202
-4333133 (base 5) to base 4
-102012320
-627 (base 12) to base 7
-2416
What is 1a5a8 (base 11) in base 4?
13000002
116 (base 11) to base 8
212
What is 120122 (base 3) in base 16?
1a6
Convert -130024 (base 5) to base 9.
-6781
Convert 323012 (base 4) to base 14.
1542
Convert -222343 (base 5) to base 8.
-17250
Convert -224 (base 6) to base 8.
-130
Convert -7409 (base 13) to base 11.
-11084
What is 211141 (base 5) in base 11?
5326
Convert -23c7 (base 14) to base 9.
-8515
Convert 1202122 (base 3) to base 2.
10100000110
What is 341214 (base 5) in base 8?
27433
2475 (base 8) to base 11
100a
What is -aca (base 13) in base 2?
-11101000000
63b0 (base 14) to base 10
17206
3152 (base 6) to base 12
4b8
1730 (base 9) to base 11
aa3
Convert 1010010100 (base 2) to base 16.
294
Convert -11815 (base 9) to base 12.
-4728
5ba7 (base 14) to base 11
11047
Convert -278 (base 14) to base 8.
-762
What is -1101110111100 (base 2) in base 13?
-3302
Convert -19074 (base 10) to base 8.
-45202
What is -1000 (base 4) in base 14?
-48
-233334 (base 5) to base 10
-8594
-1001010111000 (base 2) to base 6
-34104
Convert 684 (base 11) to base 13.
4ac
What is 82 (base 12) in base 6?
242
-110101001010 (base 2) to base 4
-311022
Convert -11100220 (base 3) to base 16.
-c6f
-10032333 (base 4) to base 7
-101364
-357 (base 9) to base 13
-199
Convert -2b25 (base 14) to base 10.
-7677
Convert -2112121 (base 4) to base 5.
-302000
Convert 665 (base 14) to base 4.
103301
Convert -6851 (base 10) to base 14.
-26d5
Convert -47 (base 15) to base 6.
-151
Convert -a842 (base 12) to base 13.
-8549
Convert 4120 (base 5) to base 10.
535
Convert 14beb (base 15) to base 11.
46227
10001110101 (base 2) to base 10
1141
-10001101000 (base 2) to base 11
-936
Convert -110010001011 (base 2) to base 11.
-245a
142310 (base 5) to base 16
1743
Convert -21461 (base 7) to base 11.
-4055
a45 (base 11) to base 13
75b
Convert 117a (base 15) to base 16.
e83
What is -4b64 (base 12) in base 13?
-3b95
What is -2101020 (base 3) in base 11?
-1337
5253 (base 7) to base 12
10a3
Convert -202101102 (base 3) to base 14.
-55b7
Convert 31202 (base 8) to base 7.
52461
Convert -182 (base 13) to base 8.
-423
Convert -275 (base 12) to base 10.
-377
Convert 33232 (base 4) to base 7.
2635
Convert -5883 (base 9) to base 10.
-4368
Convert 6dd (base 14) to base 7.
3666
What is -442 (base 5) in base 4?
-1322
Convert 1545 (base 6) to base 9.
522
What is -5786 (base 10) in base 9?
-7838
What is 132322 (base 4) in base 8?
3672
-435 (base 6) to base 16
-a7
-1b (base 14) to base 13
-1c
What is 692 (base 12) in base 3?
1100002
-23031 (base 4) to base 12
-4b9
Convert 109 (base 12) to base 9.
180
-1d61 (base 16) to base 3
-101022120
Convert 11111101100 (base 2) to base 10.
2028
-373 (base 14) to base 13
-410
2010011 (base 4) to base 16
2105
What is -360 (base 13) in base 3?
-210200
-302 (base 7) to base 12
-105
-806a (base 11) to base 5
-320344
What is -415e (base 15) in base 14?
-506a
What is -53302 (base 6) in base 9?
-10832
What is 4320 (base 5) in base 7?
1464
Convert -400 (base 8) to base 16.
-100
Convert 111110011100 (base 2) to base 11.
3003
What is -1101100001 (base 2) in base 10?
-865
Convert 2321332 (base 4) to base 3.
121022211
-54557 (base 10) to base 16
-d51d
Convert 4614 (base 8) to base 7.
10061
572d (base 16) to base 6
251153
1222220 (base 3) to base 11
1103
Convert -21313 (base 4) to base 7.
-1561
What is 1819 (base 14) in base 13?
1c86
-535 (base 14) to base 13
-610
Convert 1154 (base 16) to base 8.
10524
-111001111 (base 2) to base 8
-717
163c (base 15) to base 12
2926
What is -13010 (base 6) in base 3?
-2200020
Convert 1010011001 (base 2) to base 14.
357
8038 (base 9) to base 15
1b12
What is -4063 (base 13) in base 9?
-13144
211 (base 15) to base 10
466
Convert -1012111 (base 3) to base 12.
-611
121021 (base 3) to base 5
3224
-db5 (base 15) to base 4
-300113
Convert -3610 (base 7) to base 3.
-1211021
What is -54a (base 15) in base 13?
-70c
What is 53141 (base 6) in base 9?
10767
-697 (base 13) to base 7
-3214
Convert 11b3b (base 12) to base 4.
11320133
Convert 1122003 (base 5) to base 14.
7549
-2122312 (base 5) to base 12
-18985
What is -11230 (base 4) in base 8?
-554
What is -21005 (base 6) in base 10?
-2813
What is 10001121202 (base 3) in base 2?
1110101101000110
Convert c3 (base 13) to base 4.
2133
28ec (base 16) to base 14
3b64
Convert -1200 (base 5) to base 14.
-c7
What is -6 (base 7) in base 11?
-6
3300 (base 5) to base 9
550
Convert 10434 (base 6) to base 11.
110a
Convert 1040 (base 5) to base 12.
101
Convert 2245 (base 6) to base 14.
2a1
-15aa (base 14) to base 13
-19c0
Convert 3033 (base 10) to base 2.
101111011001
What is -12210 (base 3) in base 4?
-